- c. Calculate v(g).
1
Let d(w) = -2*w + 3. Suppose 20*u + 20 = 25*u. Calculate d(u).
-5
Let p(s) be the third derivative of -s**5/30 - s**3/6 - 6*s**2. Suppose 8 = 5*o - 2. Determine p(o).
-9
Suppose -8 = 6*r + 4. Let z(t) = -4*t. What is z(r)?
8
Let k(p) = p**3 + 5*p**2 + 2*p - 2. Let m(b) be the second derivative of -3*b**5/20 - 7*b**4/6 - b**3 + 5*b**2/2 + 2*b. Let d(r) = -8*k(r) - 3*m(r). Give d(-1).
0
Let d(i) = i**2 + 8*i + 5. Let c be (1 + 3)*(-6)/(-4). Let v be c/(3 - 4) - -1. Give d(v).
-10
Let t(s) = -s**3 + 8*s**2 - 6*s - 1. Let v be (-4)/(-20) + 68/10. What is t(v)?
6
Let z(r) = 4*r - 8. Let i be z(8). Suppose i = -5*h - 6. Let c(j) = j**3 + 7*j**2 + 6*j - 2. What is c(h)?
-2
Let o(v) be the third derivative of -v**4/24 + v**3/3 - v**2. Suppose -4*a + 2*a + 10 = 0. Suppose -a*u + 21 = 1. Give o(u).
-2
Let h(q) = 3*q + 6. Let t(a) be the first derivative of a**2 + 4*a - 1. Let m(c) = -5*h(c) + 8*t(c). What is m(2)?
4
Let g(d) = 4*d - 2*d - d + 3 - 1. Suppose 2*f - f = -4*q - 2, 2*q + 2 = 0. Let p(v) = -v**2 + 2*v - 2. Let j be p(f). What is g(j)?
0
Let h = 15 + -15. Let a(n) be the third derivative of h - n**2 - 1/2*n**3 - 5/24*n**4 - 1/60*n**5 + 0*n. Determine a(-2).
3
Let f be (-9)/(-6)*6/(-3). Let g(w) = -3*w - 4. Determine g(f).
5
Let o(m) = -m**3 - m. Let t(z) = 4*z**3 + z**2 - 2*z - 2. Let p(k) = -3*o(k) - t(k). Suppose -4*w + 2*w = -4. Suppose w*j + 0 = -6. Determine p(j).
5
Suppose -18 = 30*o - 27*o. Let l(r) = -r**2 - 7*r - 9. Calculate l(o).
-3
Let v(h) = h**3 - 7*h**2 + 6*h + 4. Let g be v(6). Suppose 0 = -g*a + 3*a + 5. Let c(n) = -2 - n**3 + 1 - 2 - n - a*n**2. Calculate c(-5).
2
Let f(r) = r - 4. Let s(a) = a - 1. Let j(d) = f(d) - 2*s(d). Give j(4).
-6
Suppose -4*w + 10 = -14. Let l(f) be the second derivative of f**4/12 - f**3 + 5*f**2/2 + f. What is l(w)?
5
Let b(i) = i**3 - i**2 + 4*i - 3. Let x be (-10)/65 + (-80)/(-13). Let r(m) = m**2 - 5*m - 4. Let j be r(x). Calculate b(j).
9
Suppose -6 = -5*q + 14. Let l(s) = s**2 - 4*s - 2. Calculate l(q).
-2
Let h(c) be the third derivative of 0 - 5*c**2 + 0*c - 1/12*c**4 + 5/6*c**3. Give h(5).
-5
Let w(d) be the first derivative of d**6/360 - d**5/20 + d**4/12 - 5*d**3/3 - 6. Let l(j) be the third derivative of w(j). What is l(4)?
-6
Let c(o) = -7*o + 1. Let r be c(1). Let a(d) = -d**2 - 6*d - 8. What is a(r)?
-8
Let j = 1 - 0. Let n(b) be the first derivative of 4*b**3/3 + b**2/2 + 61. What is n(j)?
5
Let o(n) be the first derivative of n**4/4 + n**3 + 1. Suppose 7*t = 9*t + 14. Let p = -10 - t. Give o(p).
0
Let q(a) = -2*a**2 - 2*a + 1. Suppose -1 = j - 2. Let v = j - 0. Let z be q(v). Let n(h) = -h**3 - 2*h**2 + 4*h - 1. What is n(z)?
-4
Let a = 25 + -30. Let p(n) = n**3 + 4*n**2 - 5*n - 1. What is p(a)?
-1
Let c(d) = d**3 + 5*d**2 - 7*d - 4. Suppose -33 - 22 = -3*k - 2*a, 5*k - 100 = -5*a. Suppose b + k = 3*q, -q + 18 = -2*b + q. Determine c(b).
2
Let z(w) = -2*w - 1 - 1 - w + w. Determine z(5).
-12
Let z(g) = g - 10. Let a = -13 + 14. Suppose 24 = -5*s + 99. Let y be a/3 + (-5)/s. What is z(y)?
-10
Let z be (-6)/8 - (-95)/20. Let g(q) be the second derivative of q**4/12 - q**3 + q**2 - 7*q. Calculate g(z).
-6
Let a(i) = 2*i**3 - 4*i**2 + 3*i. Suppose q - 4*x + 2 = -9*x, -9 = -4*q - 3*x. Suppose -g - 2 = -q*g + t, 0 = 4*g - 4*t. Give a(g).
6
Let y(u) be the third derivative of 0*u + 0*u**3 - 2*u**2 + 0 - 1/6*u**4. Determine y(1).
-4
Let v(h) = h - 11. Let y be v(9). Let n(r) = -r**3 - r**2 + 2*r. Give n(y).
0
Let u(p) = -p - 5. Let b be u(-7). Suppose 0 = -b*x - 2. Let h(o) = o. What is h(x)?
-1
Let z be 39/7 - (-6)/14. Let f = 3 + -1. Let x(o) = o**f - 5*o - 6*o + z*o. Calculate x(5).
0
Suppose 0*u = 2*u + 6. Let x(b) = -b**3 - 3*b**2 - b - 3. What is x(u)?
0
Let g(f) = -f**3 + 2*f**2. Let t be g(1). Let s(w) = -t + 0*w**3 + 8 + w**3 - 4*w + 3*w**2 - 2. Calculate s(-4).
5
Suppose 2*y + 1 = -11. Let q = -2 - y. Let t(s) = s - 2. Give t(q).
2
Let g(j) = -j - 1. Suppose -5*o + 9 = 2*x, -o + x = 2*x - 3. Suppose 8 = -5*f - 5*r - 2, 0 = 3*r. Let t be (5 + f)*o/(-3). Determine g(t).
0
Let s = 2 + 1. Suppose -h = -4*i + s*h + 16, 3*h = i - 14. Let g(w) = 2*w**2 - 2*w - 1. What is g(i)?
3
Let x(o) = -4*o**2 + 0*o**2 + 12 - o + 5*o**2. Calculate x(0).
12
Let o(p) = p**3 - 4*p**2 + 5. Suppose -5*f + 2*s + 1 = -7, 4*f - 10 = -2*s. Suppose f*n - 6*n = 0. Let b = n - -4. What is o(b)?
5
Let p(n) be the second derivative of -n**4/12 + n**3/2 + 9*n. Determine p(4).
-4
Let x(w) = -w - 1. Let p be x(-3). Let c(d) = 2*d + p*d - 4 - 3*d. Let o be -4 + 2 + 10 + -3. What is c(o)?
1
Let a(z) = -6*z - 1. Suppose 0 = -5*p + 8 + 12. Suppose 1 = -4*f - k - 4, k = 5*f + p. Calculate a(f).
5
Let p(g) = g**2 + g - 4. Let n be p(0). Let l(a) be the first derivative of -3*a + a**2 - a**3 - 1/4*a**4 - 1. What is l(n)?
5
Let j(g) = 2*g + 3. Let l = 16 + -7. Let t(v) = -5*v - 6. Let u(p) = l*j(p) + 4*t(p). Calculate u(-3).
9
Let d(i) = -9 - 4*i + 3*i + 1. Let r be d(-9). Let p(j) = -3*j**2 + j**2 + r + 0. What is p(-1)?
-1
Let q(r) = 2*r + 3. Let o(x) = x - 7. Suppose s = m + 3, 3*s + 2*m - 6 = 13. Let n be o(s). Give q(n).
-1
Let p(q) = -q**2 + q + 6. Let t = -13 - 5. Let r be t/6 - (-1 - 2). Give p(r).
6
Let v(r) = -2*r**2 + 2*r + 6. Let y(a) = a**2 - a - 3. Let k(b) = 3*v(b) + 5*y(b). Give k(4).
-9
Let q(p) = 45 - 90 + 47 + 2*p - p**2. Let t(h) = -10*h**2 + 2*h. Let b be t(2). Let x be 8/b - 47/(-9). What is q(x)?
-13
Let c(a) = 17*a - 2. Let o be c(1). Let v be ((-10)/o)/(6/9). Let j(m) = 2*m. What is j(v)?
-2
Suppose -5*i + 3*i + 9 = 3*n, 0 = 4*i + 4*n - 16. Let h(u) = u**2 - 2*u - u**i + 7 - 6 - u**3. Determine h(1).
-2
Let d(r) be the second derivative of -r**3/6 - r**2/2 + 22*r. Determine d(8).
-9
Let k(r) = -r**3 + 1 + 4 + 7*r**2 - 1 + 7*r - 12*r. Give k(6).
10
Let q(m) = -m**3 - 5*m**2 - 6. Let a(h) = h**3 + 7*h**2 + 11*h. Let c be a(-5). Determine q(c).
-6
Let k(n) = -3*n + 2. Let i(o) = 0 - 5*o**2 + 1 + o**3 - 4 + 3*o - 3. Let s be i(5). Suppose 3*u + 0 = -s. Give k(u).
11
Suppose -3*o + 2*o - 3 = 0. Let d(r) = r**2 + 4 - 2 + 2*r + 0*r**2. Give d(o).
5
Let d(b) be the first derivative of -1/4*b**4 - 7/3*b**3 + 7/2*b**2 - 4*b - 1. Let p be d(-8). Let i(k) = -3*k + 5. Calculate i(p).
-7
Let y(r) be the second derivative of -r**4/12 - r**3 - 4*r**2 + 17*r. Give y(-6).
-8
Let h(f) = 3*f - 6. Let j = 57 - 51. Calculate h(j).
12
Suppose -5*o - 4 = -2*l - 2*l, -l = 3*o - 18. Let g(w) = w**3 - 6*w**2 - w + 6. Let a be g(l). Let r(i) = 2 + 33*i - 2 - 34*i + 6. Determine r(a).
6
Let f be (-6)/36 + (-62)/(-12). Let l(a) = -a**3 + 2*a**2 - 4*a - 4. Let o(h) = h**2 + h + 1. Let k(x) = -l(x) - 3*o(x). What is k(f)?
6
Let t(b) be the first derivative of -1/3*b**3 + 3*b - b**2 + 1. Calculate t(-4).
-5
Suppose 0 = -u + 4. Let p = 7 - u. Let n(z) = z - z**2 - 8*z**3 + 0*z**2 - z**p + 1. Give n(-1).
8
Let q = 4 - 3. Suppose -q = -3*t + 5. Let c(p) = p**2 - 2*p - 1. Calculate c(t).
-1
Let p(v) = -v**3 - 4*v**2 + 4*v - 3. Suppose 0 = -d - 2*d - 15. What is p(d)?
2
Suppose -3*h = 5*f - 4*h - 47, 0 = 2*f + 5*h - 35. Suppose 0 = -4*i + 8, -2*i = -y - 5*i + f. Let v(k) = -2*k**2 + k - y*k**3 - 5*k**3 + 2*k**2. Give v(-1).
8
Let i be 160/(-25) - (-2)/5. Let d(v) = -2*v + 4. Let w(z) = z. Let a(p) = d(p) + 3*w(p). Calculate a(i).
-2
Let w(y) be the second derivative of 0*y**2 + 0 - 2*y + 1/12*y**4 + 2/3*y**3. What is w(-3)?
-3
Let b(v) = -11*v**2 + 15*v**2 - 5*v**2 + 2*v. Determine b(4).
-8
Let l(h) = -h**2 - 7*h + 5. Let i be l(-7). Suppose -4 = 3*s - i*s. Let o(g) = -21*g + 21. Let p(r) = -3*r + 3. Let a(u) = -4*o(u) + 27*p(u). Give a(s).
3
Let w(g) be the first derivative of -3*g**2/2 + 4*g - 1. Let s be 3/6*-1*6. Let a = s - -6. What is w(a)?
-5
Let a(y) = 4*y. Let c(i) = 4*i. Let j(r) = -5*a(r) + 6*c(r). Determine j(2).
8
Let p(y) = -y + 7*y - 14 + 5 - y. Let d(m) = m + 1 - 3*m + 2. Let g(v) = 8*d(v) + 3*p(v). Calculate g(-5).
2
Suppose -4*s - s = 15. Let o be s/((-18)/15)*-2. Let c(j) be the third derivative of -j**6/120 - j**5/15 + 5*j**4/24 + 2*j**3/3 - j**2. Calculate c(o).
4
Let v be 8/12 + 2/(-3). Let l(q) = v*q + 0 - q + 1. Calculate l(-4).
5
Let s(i) = i**2 + 11*i + 30. Let w be s(-7). Let t(b) = 4*b**2 + 2. What is t(w)?
18
Let h be 12 + -1 + -2 - -1. Let v = h + -8. Let t(y) = -2*y**2 + y - 1. C